{"id":71,"date":"2010-12-04T17:02:34","date_gmt":"2010-12-04T16:02:34","guid":{"rendered":"http:\/\/solange.hopto.org\/wp\/?page_id=71"},"modified":"2010-12-04T17:02:34","modified_gmt":"2010-12-04T16:02:34","slug":"servizio-tecnico-economico","status":"publish","type":"page","link":"https:\/\/confagricolturasalerno.it\/?page_id=71","title":{"rendered":"servizio tecnico economico CAA"},"content":{"rendered":"<p>L\u2019attivit\u00e0 di assistenza tecnico-economica alle aziende associate \u00e8 garantita attraverso la societ\u00e0 <strong>SALERNO AGRISERVICE srl<\/strong> che in convenzione con il CAA CONFAGRICOLTURA srl, svolge, sul territorio della provincia di Salerno le attivit\u00e0 di <strong>assistenza ai produttori agricoli<\/strong>, sulla base di uno specifico mandato scritto e previa convenzione con gli organismi pagatori, per la composizione, la conservazione ed il mantenimento del cosiddetto \u201cfascicolo del produttore\u201d strumento di base per accedere a tutti gli <strong>aiuti comunitari<\/strong> rivolti al mondo agricolo.<br \/>\nInoltre, il Servizio Tecnico Economico di Confagricoltura Salerno si occupa di redigere, presentare e seguire domande di miglioramento fondiario e pratiche per il <strong>miglioramento della produzione agricola<\/strong> attraverso la riduzione nell\u2019utilizzo dei fitofarmaci. L\u2019Ufficio segue anche i problemi economici e tecnici che direttamente o indirettamente investono le aziende agricole nei vari comparti della produzione.<br \/>\nServizio segue con attenzione ogni utile iniziativa mirata alla difesa dei prezzi attraverso opportuni strumenti quali ad esempio gli accordi interprofessionali, le convenzioni con le banche per un pi\u00f9 conveniente accesso al credito, convenzioni e accordi di tipo commerciale sia per <strong>l\u2019acquisizione dei mezzi tecnici<\/strong> che per la <strong>vendita dei prodotti agricoli<\/strong>.<br \/>\nA tale riguardo il servizio \u00e8 costantemente impegnato nel seguire le attivit\u00e0 delle Associazioni dei Produttori e degli altri Organismi economici operanti sul territorio.<br \/>\nReferenti:<br \/>\n<strong>Chiara Annunziata<br \/>\nRosario Anzalone<br \/>\nMaria Luna Luisa<br \/>\nMaria Teresa Melucci<br \/>\nLucio Rago<br \/>\n<\/strong>tel. 089 331729 ( codice 7 )<\/p>\n","protected":false},"excerpt":{"rendered":"<p>L\u2019attivit\u00e0 di assistenza tecnico-economica alle aziende associate \u00e8 garantita attraverso la societ\u00e0 SALERNO AGRISERVICE srl che in convenzione con il CAA CONFAGRICOLTURA srl, svolge, sul territorio della provincia di Salerno le attivit\u00e0 di assistenza ai produttori agricoli, sulla base di uno specifico mandato scritto e previa convenzione con gli organismi pagatori, per la composizione, la [&hellip;]<\/p>\n","protected":false},"author":1,"featured_media":0,"parent":20,"menu_order":10,"comment_status":"closed","ping_status":"closed","template":"","meta":[],"_links":{"self":[{"href":"https:\/\/confagricolturasalerno.it\/index.php?rest_route=\/wp\/v2\/pages\/71"}],"collection":[{"href":"https:\/\/confagricolturasalerno.it\/index.php?rest_route=\/wp\/v2\/pages"}],"about":[{"href":"https:\/\/confagricolturasalerno.it\/index.php?rest_route=\/wp\/v2\/types\/page"}],"author":[{"embeddable":true,"href":"https:\/\/confagricolturasalerno.it\/index.php?rest_route=\/wp\/v2\/users\/1"}],"replies":[{"embeddable":true,"href":"https:\/\/confagricolturasalerno.it\/index.php?rest_route=%2Fwp%2Fv2%2Fcomments&post=71"}],"version-history":[{"count":0,"href":"https:\/\/confagricolturasalerno.it\/index.php?rest_route=\/wp\/v2\/pages\/71\/revisions"}],"up":[{"embeddable":true,"href":"https:\/\/confagricolturasalerno.it\/index.php?rest_route=\/wp\/v2\/pages\/20"}],"wp:attachment":[{"href":"https:\/\/confagricolturasalerno.it\/index.php?rest_route=%2Fwp%2Fv2%2Fmedia&parent=71"}],"curies":[{"name":"wp","href":"https:\/\/api.w.org\/{rel}","templated":true}]}}